ppose 0 = -f - t, -3*w + 2*f - c = -25. Let y(g) = g**2 - 5*g - 2. Give y(w).
4
Let q(a) = -18*a + 514. Let k be q(29). Let r(v) = -4*v - 23. Calculate r(k).
9
Let x = 131 + -125. Let l(m) = m**2 - 3*m + 4. What is l(x)?
22
Let k be (-41 + 40)*2/(-6). Let s(i) be the second derivative of -k*i**4 - 1/2*i**3 - 1/20*i**5 - 5*i + 0 + 0*i**2. What is s(-2)?
-2
Let v be 6 - (18/(-3) + 2). Let f(p) = p - 7. What is f(v)?
3
Let d(o) = -14*o + 5*o**2 - 2*o**2 + 9*o + 7 - 4*o**2. Let u(c) = c**2 - 5*c. Let i be u(3). Give d(i).
1
Suppose 27 - 2 = 5*v. Suppose -v*d - 28 = 2*d. Let u(j) = 2*j + 5. Determine u(d).
-3
Let i(s) be the first derivative of -5*s**2/2 - 15*s + 8. Calculate i(-5).
10
Let c(v) = -v**3 - 14*v**2 - 4*v - 54. Let j be c(-14). Let s(y) = -6*y**2 + y + 1. Calculate s(j).
-21
Let l(k) = k - 10. Let p(t) = -t**2 + 8*t + 14. Let v = -21 + 31. Let j be p(v). Let y be 2/(-6) - 44/j. Determine l(y).
-3
Let b(x) = x**3 - 7*x**2 + 5*x. Let v(j) = -2*j**3 + 14*j**2 - 10*j. Let m(f) = -7*b(f) - 4*v(f). Suppose 32*h - 30 = 26*h. Calculate m(h).
-25
Let j = 44 + -48. Let h(y) = 4*y + 6. Give h(j).
-10
Let h be (-336)/56*(1 + (0 - 0)). Let p(a) = -a**3 - 6*a**2 + 2*a + 7. What is p(h)?
-5
Let h be (0 + 18/(-24))*-4. Let z(w) = w - 8. Determine z(h).
-5
Suppose 5*p + r = 26, -4*p + 19 = 2*r - 3. Let f(a) be the second derivative of a**4/12 - 2*a**3/3 - 3*a**2/2 - 543*a. Give f(p).
2
Let c(g) be the third derivative of -1/12*g**4 + 0 - g**2 + 1/120*g**6 + g**3 + 0*g - 1/12*g**5. Suppose 3*n = 5*q - 25, -3*n + 4*n = -q + 5. What is c(q)?
-4
Let n(v) = 8*v + 1. Let d be n(-1). Let h(q) = -25*q + 13*q - 7 + 8*q + 5*q. Calculate h(d).
-14
Let c(a) = 7*a**3 + 5*a**2 + 5*a + 1. Let v(t) = -t**3 - 2*t**2 - 2*t. Let w(l) = c(l) + 3*v(l). Determine w(1).
3
Let h(f) = 5*f - 41. Suppose 40 = 5*t - 2*g, 5*g - 10 = 3*g. Calculate h(t).
9
Let u(h) = 3*h. Let f be (1 - 5) + (-1 - -1). Let g be ((-4)/f)/((-4)/8). Give u(g).
-6
Let u(w) = w + 6. Suppose 2*l + 18*l + 360 = 0. Give u(l).
-12
Suppose -6*z - 3*f + 8 = -2*z, 4*z = 4*f - 20. Suppose -4*k + 5 = -3*y - 12, 12 = -4*y. Let q = z + k. Let x(w) = -9*w**3 + w**2 + w - 1. Calculate x(q).
-8
Let f be (-152)/95*(-10)/4. Let p(b) = -b**3 + 3*b**2 + 5*b - 1. What is p(f)?
3
Let d = -12 - -17. Let c = d + 9. Let z(v) = -3*v + 5 + 10 - c. Give z(2).
-5
Let p(s) = 3*s**2 + 3*s + 2. Let h be p(-4). Let m = 42 - h. Let j(o) = -2*o + 2. What is j(m)?
-6
Suppose o - 2*v - 5 = 0, -6*o + 3*v + 40 = -2*o. Let y(j) = j**2 - 13*j + 2. Calculate y(o).
2
Let l(a) = a + 5. Suppose -3*r = -5*g + 41, -17*r + g = -15*r + 18. Calculate l(r).
-2
Let y(l) = -l**2 - 7*l - 5. Let h(f) = -f - 5 - 2*f**2 - 4*f**2 + 7*f**2. Let n be h(-5). Suppose -5*b = n, 0 = -u + b - 0*b. What is y(u)?
5
Let t be (4 - 8)*(-43)/(-4). Let u = -44 - t. Let b(k) = -7*k**2. What is b(u)?
-7
Let s(n) = -n + 3. Let y(l) = -5*l - 6. Let x(a) = -15*a - 17. Let p(m) = -4*x(m) + 11*y(m). Let t be p(-1). Give s(t).
6
Let q(s) be the third derivative of -s**4/4 - 2*s**2. Let h(g) = -g**3 + 2*g**2 + 11*g - 9. Let n be h(4). Calculate q(n).
-18
Let c = -7 - -10. Let d be 4*(c - (-4 + 2)). Let t = -23 + d. Let n(s) = s + 2. Determine n(t).
-1
Suppose -4*k + 2*c = -20, 4*k - 5*c + 27 = 5*k. Let d(q) = -5*q**2 - 5*q**3 - k + 0*q**3 + 4*q**3. Give d(-5).
-7
Let r(u) = -2*u - 36. Suppose 0 = 2*j - 32*g + 35*g + 45, g + 64 = -3*j. What is r(j)?
6
Let t(j) be the first derivative of 11*j**2/2 - j - 59. Calculate t(1).
10
Let z(f) = -14*f**2 + 7*f**2 + f**3 + 5 - 2 - 3*f + 4*f**2. Determine z(3).
-6
Let d be (-6 - -9) + (-2 + 1)*1. Let i(l) = -181*l + 4*l**2 + 183*l - l**3 - 8 - 2*l**2 + 4*l**d. Determine i(6).
4
Let v(z) = -z**3 - 5*z**2 - 3*z - 7. Suppose 0 = 24*r - 19*r + 25. What is v(r)?
8
Let c(v) = -v**2 + 3*v - 3. Let u(r) = -r**3 - 6*r**2 + 4*r - 12. Let n be u(-7). Suppose -n + 15 = 3*s. Give c(s).
-1
Let x(i) = -3*i + 31. Let t = 1845 + -1836. What is x(t)?
4
Let i(p) = p**3 - 3*p**2 - 4*p + 7. Suppose -7*n + 95 = 12*n. Give i(n).
37
Suppose 2 - 6 = -2*d. Let c(p) = -d*p + 6*p - 3*p - 3*p. Give c(2).
-4
Let r(h) = -h**2 - 4*h - 2. Suppose 4*y = 342 - 62. Suppose 3*o - o = -2*b + y, 50 = o + 4*b. Suppose 4*s + o = -s. What is r(s)?
-14
Suppose -2*g - 3*g = -5. Let m(c) = -2*c + 2 - g + 0 + c. Calculate m(5).
-4
Let a = -52 - -50. Let m = a + -2. Let q(d) = d - 1. Determine q(m).
-5
Let h(t) = t**2 + 10*t + 4. Let x be h(-10). Suppose 4*s + 22 = 3*n, 2*s + x = 3*n - 5*n. Let d(r) = -3*r**2 + 2*r**2 + 59*r - 63*r. Give d(s).
0
Suppose 5*g - 4*p = 16, 3*p - 8 = -g - p. Let m(f) = 2 - 12*f**2 - 5*f - 8*f**2 + 19*f**2 + g*f. Give m(-3).
-4
Suppose -3*j + 34 + 32 = 0. Let u(s) = -24 + s + j - 2*s + s**2. Give u(0).
-2
Let n(d) = 19*d + 2*d**2 - 9*d - 11*d. Suppose -t - 8 = -4, t = -3*w + 2. Give n(w).
6
Let o be -32 + 31 + 1 + 1. Let d(y) = 25*y**3 - y**2 + y - 1. Determine d(o).
24
Let g(i) be the second derivative of -1/12*i**5 + 0*i**3 - 1/8*i**4 - 6*i + 7/2*i**2 - 1/120*i**6 + 0. Let c(t) be the first derivative of g(t). Give c(-4).
-4
Let s(i) = 5*i + 2. Let t(z) = -2*z - 32. Let y be t(-15). Let g(n) = 0 + 1 - 3*n - 2 - 2*n. Let u(v) = y*s(v) - 3*g(v). Calculate u(-1).
-6
Let b(t) = -27*t**2 - 3*t + 3. Let w(n) = -n**2 + 3*n - 2. Let k(c) = -b(c) - w(c). Calculate k(1).
27
Let n(p) = -22*p - 5. Let f(v) = 9*v + 2. Let i(q) = 7*f(q) + 3*n(q). Determine i(4).
-13
Let v(l) be the second derivative of l**5/20 - l**4/3 - l**3/2 + 3*l**2 - 6*l. Let w = -16 - -22. Suppose w*c - 3*c - 12 = 0. Determine v(c).
-6
Let r(j) = -1 + 0 + 0*j + 2*j + 3 - j**3. Let s = 7 - 9. Calculate r(s).
6
Suppose 80 - 297 = 31*h. Let w(q) = -q**2 - 7*q + 4. Determine w(h).
4
Suppose 6*d = 25 - 1. Let q(o) be the first derivative of -4*o - 1/3*o**3 - 1 + 3*o**2. Determine q(d).
4
Let r(s) be the second derivative of 0*s**2 - 5*s - 4/3*s**4 + 0 + 1/6*s**3. Calculate r(1).
-15
Let g(k) = -k**2 + 9*k - 7. Let a be 6 + (-2)/(-6) + 10/15. Give g(a).
7
Let f(p) = -1 + 15*p + 15*p + 16*p - 47*p. Let u(v) = 8*v + 7. Let l(q) = 35*f(q) + 5*u(q). What is l(1)?
5
Let y(b) = -6*b + 127. Let i be y(20). Let s(z) = -z**3 + 8*z**2 - 5*z - 6. Determine s(i).
8
Let o(w) be the second derivative of w**5/20 - w**4/12 - 2*w**3/3 + w**2/2 + 67*w. Determine o(-3).
-23
Let g(k) = -10*k**2 - 5*k - 45. Let z(d) = -7*d**2 - 3*d - 30. Let v(a) = 5*g(a) - 7*z(a). Let w(i) be the first derivative of v(i). Give w(-7).
10
Let g(l) = l + 2. Let v(x) = -x - 13. Let k(f) = g(f) - v(f). Calculate k(-11).
-7
Let s(c) be the third derivative of -c**4/12 + c**3/6 + 4*c**2 + 8*c. Suppose -4 = 3*j - 1. Determine s(j).
3
Suppose 9*f - 8 - 37 = 0. Let l(h) be the second derivative of -h**3/6 - h**2 + 17*h. Calculate l(f).
-7
Let i(q) be the first derivative of -q**5/60 - 5*q**4/24 + 10*q**3/3 - 3. Let t(m) be the third derivative of i(m). Determine t(-7).
9
Let a(m) = 2*m. Let g(z) = z**2 + 2*z + 2. Let b = 15 - 11. Suppose 3*j + 20 = -4*h, -h = 1 + b. Let w be g(j). Determine a(w).
4
Let x be (6/(-4))/((-212)/(-104) + -2). Let z = x - -45. Let m(c) = c**3 - 5*c**2 - 6*c - 1. Determine m(z).
-1
Let t(m) = m**3 - 10*m**2 - 12*m + 4. Let d = 205 - 194. Give t(d).
-7
Suppose 5*o + j - 2*j = -33, 0 = -5*j + 15. Let q be (6/(-10))/(o/30). Let m(y) = q*y - 6*y + 13 - 6. Calculate m(5).
-8
Suppose 12 = -27*r - 177. Let v(a) = -a**2 - 7*a + 3. Calculate v(r).
3
Suppose 4*s - 281 + 257 = 3*r, 16 = -2*r + 2*s. Let m(z) = 0*z + 0*z + 2*z + 10. Calculate m(r).
-6
Let d(n) = -3*n**3 - 15*n**2 - 11*n - 13. Let v(p) = -p**3 - 5*p**2 - 4*p - 5. Let l(f) = 4*d(f) - 11*v(f). Give l(-6).
39
Let t(f) = 10*f - 19. Let a(o) = 10*o - 35*o + 12*o + 6*o + 13. Let x(h) = 7*a(h) + 5*t(h). Let b be -1 + 12/2 + 0. Determine x(b).
1
Let t be 6/(-8) + (-22)/(-8). Let f(k) = k + 2*k**2 - 3*k**t - k**3 + k**3 - 3 - k**3. What is f(0)?
-3
Let u(s) = -s**2 + 2*s - 1. Let c be (-84)/(-9)*6/4. Let m(k) = -k - 1. Let d(j) = j**2 - 11*j + 5. Let p(g) = -d(g) - 3*m(g). Let r be p(c). Give u(r).
-9
Let i be 4 + 1 + (-2)/4*6. Let r(t) = 3 + i + 11*t + 12*t - 22*t. Give r(-7).
-2
Let a(q) = -q - 20. Let i be a(-15). Let y(x) = x**2 + 3*x - 2. What is y(i)?
8
Let q(o) be the first derivative of 4*o**3/3 + 2*o**2 - 3*o - 10. Let p = 17 + -15. Calculate q(p).
21
Let d(g) = g**3 - 